 34 is divided by x?
10
Let x = 64 + -27. Calculate the remainder when x is divided by 10.
7
Let p(w) = w + 2. Let y be 3 + -6*1 + 8. What is the remainder when 20 is divided by p(y)?
6
What is the remainder when 23 is divided by 1/(-4 + (-87)/(-21))?
2
Let m be 62/4 + 1/(-2). Suppose -2*t = -5 - m. What is the remainder when 28 is divided by t?
8
Let w = 8 - -3. Suppose -u - 5*l + w + 16 = 0, 15 = 3*l. Suppose 2*r - 65 = -u*r - 3*q, -5*r + 67 = -q. What is the remainder when 40 is divided by r?
12
Suppose 12 + 33 = 3*n. What is the remainder when 44 is divided by n?
14
Let b = -107 + 121. What is the remainder when (8/(-10))/(6/(-300)) is divided by b?
12
Let m(v) = 2*v - 1. Let q be m(2). Suppose q*d + 4*x - 17 + 5 = 0, 3*d - 2*x + 6 = 0. Suppose d = -a - 4*a + 25. Calculate the remainder when a is divided by 3.
2
Suppose -2*u + 26 = -4. What is the remainder when 19 is divided by (u/(-4))/(9/(-24))?
9
Suppose 24 = y + y. Calculate the remainder when 33 is divided by y.
9
Let y = 35 - 25. Suppose 2*q = y, 0 = 3*x - 5*q + 16 - 0. Calculate the remainder when 8 is divided by x.
2
Suppose -t - 3*t = -56. What is the remainder when 41 is divided by t?
13
Suppose 0 = -2*t - 3*g + 27, -4*t - g + 59 = -0*g. Calculate the remainder when (-14)/(-4)*((-327)/(-21) + 1) is divided by t.
13
Let m(u) = -4 + 3 - 25*u**2 + 62*u**2 - u. What is the remainder when m(-1) is divided by 13?
11
Suppose 5*d = -2*n + 2*d + 40, -40 = -2*n + 2*d. What is the remainder when 59 is divided by n?
19
Suppose -i = -2 - 0. Let u = 8 - 6. Suppose -3*m + 5*m = u. Calculate the remainder when i is divided by m.
0
Suppose -3*l + 8 = 2*w, l - 10 = -0*l + 3*w. What is the remainder when 7 is divided by l*-3*1/(-6)?
1
Let o(j) = j**3 - 7*j**2 + 6*j - 1. Let k = 14 + -8. Let f be o(k). Calculate the remainder when 1 + 3 + (0 - f) is divided by 3.
2
Let s(l) = 3*l - 2. Suppose 4*r + 2*v - 42 = 0, v = -v - 2. What is the remainder when r is divided by s(2)?
3
Let k = 8 + -6. Suppose -3*d - 2*u = -10, k*d - 2*u - 32 = -2*d. Suppose 2*s - d = -s. Calculate the remainder when 3 is divided by s.
1
Let a = 10 + -8. Calculate the remainder when 2 is divided by a.
0
Let o(d) = -6*d**2 + 6 - 4*d + 14*d**2 - 2. Let c be o(3). Suppose -5*k - 2 = h, 3*h + 0*h - c = -k. Calculate the remainder when 68 is divided by h.
22
Suppose -14 - 40 = 3*v. Let y = 30 + v. What is the remainder when y is divided by 7?
5
Let b be 17/(-2)*(-3 + 1). Suppose 5*i - 187 + 12 = 0. Suppose 4*t - i = b. Calculate the remainder when t is divided by 7.
6
Let o = -86 - -151. Suppose -2*i = -4*i + 2. What is the remainder when o is divided by ((-2)/i)/((-1)/11)?
21
Suppose 45 = -5*c + 5*m, m = 3*c + 14 + 11. Let j(v) = -v**2 - 4*v. Let q be j(c). Calculate the remainder when (q/(-20))/((-4)/(-30)) is divided by 7.
5
Let x(b) = -b**2 + 12*b - 4. Suppose -4*a = 3*i - 135, 6*i = 3*i + 2*a + 135. Calculate the remainder when i is divided by x(10).
13
Let z(g) = g**3 - 14*g**2 - 14*g - 9. Calculate the remainder when 25 is divided by z(15).
1
Suppose -151 = -2*m - 4*i + 101, 5*m - 4*i = 658. Let b = -49 - -58. What is the remainder when 3/(-12) + m/8 is divided by b?
7
Calculate the remainder when (-2 - -117) + 0 + 1 is divided by 15.
11
Suppose 3*t + 5*t = 504. What is the remainder when t is divided by 16?
15
Suppose -4 + 16 = 3*s. Suppose -3*a + 163 = -s*d, -4 - 55 = -a - d. Calculate the remainder when a is divided by 15.
12
Let r = -48 - -68. What is the remainder when 59 is divided by r?
19
Suppose -2*w - 37 = -3*x - 0*w, -2*x - 3*w + 29 = 0. Suppose -16 = -4*p, -r - 2*p + 3 + 13 = 0. Calculate the remainder when x is divided by r.
5
Let l = -161 + 230. What is the remainder when l is divided by 12?
9
Let j(c) = c**2 + 2*c + 10. Calculate the remainder when 28 is divided by j(0).
8
Suppose -4*v = -q - 179 - 17, q + 4 = 0. What is the remainder when v is divided by 26?
22
Suppose -4*h - 3*y + 547 = 0, 10 = -2*y + 4*y. Calculate the remainder when h is divided by 27.
25
Let k be ((-6)/(-4))/((-4)/40). Calculate the remainder when -1*(k + (5 - 3)) is divided by 7.
6
Let l = 18 + -13. Suppose h + 177 = -l*v - 3*h, -156 = 4*v - 4*h. Let a = v - -72. Calculate the remainder when a is divided by 18.
17
Let f be 6/(-8)*(-8)/(-2). Let b be -2 + (f/(-3) - -1). Let d(z) = -z + 14. What is the remainder when 40 is divided by d(b)?
12
Let p(u) = 13*u - 34. Calculate the remainder when p(4) is divided by 5.
3
Suppose 36 = g + 10. Calculate the remainder when g is divided by 11.
4
Suppose -y + 25 = 4*y. Let q(j) be the second derivative of -j**3/6 + 11*j**2/2 - 4*j. Calculate the remainder when q(y) is divided by 4.
2
Suppose -2*u - 4 + 30 = 5*l, -2*u + 3*l = 6. Let p = u + 10. What is the remainder when p is divided by 7?
6
Let p(a) = -a**3 - a**2 - a + 18. Let i(t) = t - 5. Let f be i(5). Calculate the remainder when 33 is divided by p(f).
15
Suppose -3*w - 2*m = -72 + 21, 2*w + 3*m = 39. Suppose 281 = 4*o + 45. Calculate the remainder when o is divided by w.
14
Calculate the remainder when 65 is divided by 5/30 - (-202)/12.
14
Suppose -4*a + 141 = 29. Suppose q = 5*i, -81 + 147 = 5*q - 3*i. Calculate the remainder when a is divided by q.
13
Calculate the remainder when -2 + 4 - (-60 - -1) is divided by 21.
19
Let j(q) = -18*q + 4. Let c(d) = 17*d - 3. Let x(m) = 5*c(m) + 4*j(m). Calculate the remainder when (-3)/6*164/(-2) is divided by x(1).
13
Suppose 0 = -4*h + 8*h - 180. Calculate the remainder when h is divided by 12.
9
Suppose 5 = p - 0. Suppose p*s = -y + 84, 0 = -s + y - 3*y + 15. Calculate the remainder when s is divided by 6.
5
Suppose -2 = 3*w + 1. Let k = w + 4. Calculate the remainder when 11 is divided by k.
2
Let v be 2 + -1*-1*2. Suppose -o + v + 1 = 0. Suppose -4*t + o = -35. Calculate the remainder when 29 is divided by t.
9
Let s(o) = -2*o**3 - 5*o**2 - 7*o - 8. Let i = 7 - 53. What is the remainder when s(-4) is divided by i/(-4)*2/1?
22
Let v = 1 - -1. Suppose 3 = z, v*z + 18 = -2*q + 62. What is the remainder when 74 is divided by q?
17
Let h = -5 + 5. Suppose 4*t - 3*t - 8 = h. Calculate the remainder when 18 is divided by ((-15)/(-12))/(1/t).
8
Suppose -r + 180 = 4*r. Suppose 9 = -3*t + r. What is the remainder when t is divided by 6?
3
Suppose t = 11*t - 80. Calculate the remainder when 22 is divided by t.
6
Let c(t) = t**3 + 8*t**2 + 5*t - 6. Let j be c(-5). Suppose o - 2 = -4*a - 9, j = 4*o - 2*a. Calculate the remainder when 34 is divided by o.
7
Let x(c) = 2*c - 6. Calculate the remainder when 7 is divided by x(4).
1
Let k(f) = -24*f + 1. Let g be k(-3). Suppose 2*j + 3*h + 2*h = g, -2*j = -h - 79. Calculate the remainder when j is divided by 14.
11
Suppose s = 4*p + 72 - 297, -2*s = 4*p - 222. What is the remainder when p is divided by 15?
11
Suppose -4*c + 16 = 2*f, -4 = -5*f - 4*c + 3*c. What is the remainder when (-12)/((-10)/6 - -1) is divided by (f - 8)*25/(-20)?
8
Suppose -9*s + 5*s + 64 = 2*x, -76 = -4*s + 4*x. What is the remainder when 83 is divided by s?
15
Suppose 3*k + 80 = 5*c, 0*k = 5*c + 2*k - 105. What is the remainder when 56 is divided by c?
18
Let o(k) = k**3 + 5*k**2 - 5*k + 8. Let w be o(-6). Suppose -b - w*b = 0. Let p = 13 - b. Calculate the remainder when 24 is divided by p.
11
Suppose -37 = -3*x - 5*p, -5*x + 5 + 66 = -p. Calculate the remainder when 181 is divided by x.
13
Let d = -11 - -16. What is the remainder when 8 is divided by d?
3
Suppose -4*o = b - 48, 2*o + 5*b - 10 = b. Calculate the remainder when 101 is divided by o.
10
Let a = -6 - -23. What is the remainder when a is divided by 6?
5
Let z(a) = 20*a**2 + a. What is the remainder when 35 is divided by z(-1)?
16
Suppose 5*p - 36 - 29 = 0. Calculate the remainder when 38 is divided by p.
12
Let i(y) = y**2 - 6*y + 9. Let m be (-5)/20 - 55/4. Calculate the remainder when i(6) is divided by 4/m + 111/21.
4
Let w be 1*(-2 + 2)/(-2). Let r be 1/(w + (-3)/9). Let h(s) = s**3 + 3*s**2 - 5*s - 3. Calculate the remainder when 33 is divided by h(r).
9
Let p(b) = -b**2 - 5*b + 16. Let n(i) = 50*i**3 - 2*i**2 + 2*i - 1. Let v be n(1). Let o = v - 21. What is the remainder when o is divided by p(-6)?
8
Suppose 311 = g + 6*z - 3*z, -5*g + 1542 = 2*z. What is the remainder when g is divided by 62?
60
Suppose 2 = 2*k - 0. Sup